{"id":61,"date":"2023-07-10T11:45:50","date_gmt":"2023-07-10T09:45:50","guid":{"rendered":"https:\/\/serwer2292899.home.pl\/autoinstalator\/wordpressplugins\/?page_id=61"},"modified":"2024-11-20T20:47:26","modified_gmt":"2024-11-20T19:47:26","slug":"zarzadzanie-projektami-br","status":"publish","type":"page","link":"https:\/\/iir.com.pl\/index.php\/zarzadzanie-projektami-br\/","title":{"rendered":"Opracowywanie projekt\u00f3w B+R"},"content":{"rendered":"\n<p>Posiadamy wieloletnie do\u015bwiadczenie, zdobyte na wielu projektach zako\u0144czonych sukcesem, w ca\u0142o\u015bciowym podej\u015bciu do innowacji.<\/p>\n\n\n\n<p>W zale\u017cno\u015bci od sytuacji i potrzeb wykonujemy r\u00f3\u017cne prace:<\/p>\n\n\n\n<p>&#8211; weryfikacja i aktywne opracowywanie pomys\u0142u pod wzgl\u0119dem technologicznym, biznesowym, rynkowym, prawnym i innymi kluczowymi aspektami<\/p>\n\n\n\n<p>&#8211; analiza bran\u017cy, \u015brodowiska i dotychczasowego do\u015bwiadczenie przedsi\u0119biorstwa w zakresie B+R<\/p>\n\n\n\n<p>&#8211; opracowanie modelu biznesowego i biznes planu dla projektowanego produktu czy us\u0142ugi<\/p>\n\n\n\n<p>&#8211; posiadamy w\u0142asn\u0105 autorsk\u0105 metodologi\u0119 do ca\u0142o\u015bciowej oceny projektu B+R i komercjalizacji<\/p>\n\n\n\n<p>&#8211; przygotowanie projektu B+R, wychodz\u0105c od wst\u0119pnej koncepcji czy pomys\u0142u<\/p>\n\n\n\n<p>&#8211; przygotowanie planu prac B+R<\/p>\n\n\n\n<p>&#8211; opracowanie kosztorysu projektu<\/p>\n\n\n\n<p>&#8211; poszukiwanie wykonawc\u00f3w prac badawczo-rozwojowych, pracownik\u00f3w naukowych i tworzenie zespo\u0142\u00f3w projektowych<\/p>\n\n\n\n<p>&#8211; utworzenie sp\u00f3\u0142ki celowej<\/p>\n\n\n\n<p>&#8211; poszukiwanie partner\u00f3w i tworzenie konsorcj\u00f3w.<\/p>\n","protected":false},"excerpt":{"rendered":"<p>Posiadamy wieloletnie do\u015bwiadczenie, zdobyte na wielu projektach zako\u0144czonych sukcesem, w ca\u0142o\u015bciowym podej\u015bciu do innowacji. W [&hellip;]<\/p>\n","protected":false},"author":2,"featured_media":0,"parent":0,"menu_order":0,"comment_status":"closed","ping_status":"closed","template":"","meta":{"footnotes":""},"class_list":["post-61","page","type-page","status-publish","hentry"],"_links":{"self":[{"href":"https:\/\/iir.com.pl\/index.php\/wp-json\/wp\/v2\/pages\/61","targetHints":{"allow":["GET"]}}],"collection":[{"href":"https:\/\/iir.com.pl\/index.php\/wp-json\/wp\/v2\/pages"}],"about":[{"href":"https:\/\/iir.com.pl\/index.php\/wp-json\/wp\/v2\/types\/page"}],"author":[{"embeddable":true,"href":"https:\/\/iir.com.pl\/index.php\/wp-json\/wp\/v2\/users\/2"}],"replies":[{"embeddable":true,"href":"https:\/\/iir.com.pl\/index.php\/wp-json\/wp\/v2\/comments?post=61"}],"version-history":[{"count":10,"href":"https:\/\/iir.com.pl\/index.php\/wp-json\/wp\/v2\/pages\/61\/revisions"}],"predecessor-version":[{"id":261,"href":"https:\/\/iir.com.pl\/index.php\/wp-json\/wp\/v2\/pages\/61\/revisions\/261"}],"wp:attachment":[{"href":"https:\/\/iir.com.pl\/index.php\/wp-json\/wp\/v2\/media?parent=61"}],"curies":[{"name":"wp","href":"https:\/\/api.w.org\/{rel}","templated":true}]}}